{"id":870,"date":"2012-11-27T11:01:14","date_gmt":"2012-11-27T11:01:14","guid":{"rendered":"http:\/\/roundone.cmsmasters.net\/?page_id=870"},"modified":"2015-01-16T14:27:33","modified_gmt":"2015-01-16T13:27:33","slug":"right-sidebar","status":"publish","type":"page","link":"http:\/\/www.actis-avocats.fr\/?page_id=870","title":{"rendered":"Comp\u00e9tences"},"content":{"rendered":"<p style=\"text-align: left;\" align=\"JUSTIFY\"><span style=\"font-size: x-large;\">\u00a0<b>Entreprises<\/b><\/span><\/p>\n<p align=\"JUSTIFY\"><span style=\"text-decoration: underline; color: #4a93ac;\"><b>1. Constitutions de soci\u00e9t\u00e9s et Droit des soci\u00e9t\u00e9s :<\/b><\/span><\/p>\n<p align=\"JUSTIFY\"><i>R\u00e9daction des Statuts et Assembl\u00e9es, Formalit\u00e9s de constitution, Inscription au RCS, suivi des formalit\u00e9s juridiques annuelles, Cessions de parts sociales, Acquisitions, Dissolutions, Nomination d&rsquo;un administrateur, Conseil et n\u00e9gociations en cas de difficult\u00e9s financi\u00e8res, Proc\u00e9dures collectives (redressement ou liquidation), etc.<\/i><\/p>\n<p align=\"JUSTIFY\"><span style=\"text-decoration: underline; color: #4a93ac;\"><b>2. Baux commerciaux :<\/b><\/span><\/p>\n<p align=\"JUSTIFY\"><i>R\u00e9daction d&rsquo;une acquisition ou cession de fonds de commerce, r\u00e9daction d&rsquo;une cession de bail, Conseil et n\u00e9gociation, D\u00e9fense du bailleur ou du locataire, Contentieux des loyers, D\u00e9plafonnement, Commission de recours amiable, Proc\u00e9dure devant le juge des loyers, Acquisition de clause r\u00e9solutoire, Sous-location, Analyse des clause du bail, non respect des clauses du bail, r\u00e9siliation de bail, indemnit\u00e9 d&rsquo;\u00e9viction, commerces r\u00e9glement\u00e9s (restauration, pharmacie etc.,, analyse de la r\u00e9glementation, n\u00e9gociation avec les municipalit\u00e9s etc,<\/i><\/p>\n<p align=\"JUSTIFY\"><span style=\"text-decoration: underline; color: #4a93ac;\"><b>3. Droit du travail:<\/b><\/span><\/p>\n<p align=\"JUSTIFY\"><i>R\u00e9daction des contrats de travail (Clauses d&rsquo;exclusivit\u00e9, clause de mobilit\u00e9, clause de non-concurrence, clause de forfait d&rsquo;heures suppl\u00e9mentaires contrat de travail \u00e0 temps partiel, contrat \u00e0 dur\u00e9e d\u00e9termin\u00e9e), Conseil et N\u00e9gociation, mise en \u0153uvre de la n\u00e9gociation collective et des accords collectifs, D\u00e9fense devant le Conseil de Prud&rsquo;hommes, conseils sur la mise en \u0153uvre des r\u00e8gles de droit complexes applicables (Dur\u00e9e du travail, S\u00e9curit\u00e9 au travail, Droit individuel \u00e0 la formation etc), Accompagnement des proc\u00e9dures de licenciement individuels ou collectifs, contentieux collectifs, contentieux \u00e9lectoral etc,<\/i><\/p>\n<p align=\"JUSTIFY\"><i>&#8211; Intervention en demande et en d\u00e9fense devant le Conseil de Prud&rsquo;Hommes pour tout litige portant sur la conclusion, le d\u00e9roulement ou la rupture du contrat de travail<\/i><\/p>\n<p align=\"JUSTIFY\"><i>&#8211; Intervention en cause d\u2019appel pour les m\u00eames proc\u00e9dures<\/i><\/p>\n<p align=\"JUSTIFY\"><i>Assistance et repr\u00e9sentation devant les juridictions p\u00e9nales des salari\u00e9s de la soci\u00e9t\u00e9 dans le cadre d\u2019infractions intervenues durant l\u2019exercice du contrat de travail.<\/i><\/p>\n<p align=\"JUSTIFY\"><i>&#8211; R\u00e9daction de transactions et de ruptures conventionnelles.<\/i><\/p>\n<p align=\"JUSTIFY\"><i>&#8211; Aide \u00e0 la n\u00e9gociation en vue de la conclusion d\u2019un accord.<\/i><\/p>\n<p align=\"JUSTIFY\"><span style=\"text-decoration: underline; color: #4a93ac;\"><b>4. Droit des affaires et commercial:<\/b><\/span><\/p>\n<p align=\"JUSTIFY\"><i>Recouvrement de cr\u00e9ances et mesures d&rsquo;ex\u00e9cution, Responsabilit\u00e9 contractuelle, Droit de la concurrence,<\/i><\/p>\n<p align=\"JUSTIFY\"><span style=\"text-decoration: underline; color: #4a93ac;\"><b>5. Immobilier et copropri\u00e9t\u00e9 (syndics d&rsquo;immeubles):<\/b><\/span><\/p>\n<p align=\"JUSTIFY\"><i>Recouvrement de charges impay\u00e9es, travaux et expertises, proc\u00e9dures de saisies immobili\u00e8res,<\/i><\/p>\n<p align=\"JUSTIFY\"><span style=\"text-decoration: underline; color: #4a93ac;\"><b>6. Droit p\u00e9nal des affaires:<\/b><\/span><\/p>\n<p align=\"JUSTIFY\"><i>Faute de gestion, D\u00e9fense \u00e0 l&rsquo;action en comblement de passif, Interdiction de g\u00e9rer, plaintes entre associ\u00e9s, d\u00e9linquance \u00e9conomique, concurrence d\u00e9loyale, etc.<\/i><\/p>\n<p style=\"text-align: left;\" align=\"JUSTIFY\"><span style=\"font-size: x-large;\"><b>Particuliers<\/b><\/span><\/p>\n<p align=\"JUSTIFY\"><span style=\"text-decoration: underline; color: #4a93ac;\"><b>1. Droit de la famille:<\/b><\/span><\/p>\n<p align=\"JUSTIFY\"><i>Divorce, S\u00e9paration, R\u00e9sidence des enfants, Autorit\u00e9 parentale, Proc\u00e9dures devant le Juge aux affaires familiales et devant le Juge des enfants, Ali\u00e9nation parentale, Pension alimentaire et Contribution \u00e0 l&rsquo;entretien et l&rsquo;\u00e9ducation des enfants, Patrimoine, Liquidation de r\u00e9gime matrimonial, Mesures apr\u00e8s divorce, Enfance en danger et mesures de protection, etc.<\/i><\/p>\n<p align=\"JUSTIFY\"><span style=\"text-decoration: underline; color: #4a93ac;\"><b>2. Droit des personnes<\/b><\/span><\/p>\n<p align=\"JUSTIFY\"><i>Filiation, Recherche de paternit\u00e9, Contestation de paternit\u00e9, Action aux fins de subsides, Adoption simple et pl\u00e9ni\u00e8re, Changement de nom, Changement de pr\u00e9nom, Tutelle et autres mesures de protection, Disparition, etc.<\/i><\/p>\n<p align=\"JUSTIFY\"><span style=\"text-decoration: underline; color: #4a93ac;\"><b>3. Accidents et pr\u00e9judice corporel<\/b><\/span><\/p>\n<p align=\"JUSTIFY\"><i>Accidents de la circulation, Accidents dans des lieux publics, Victimes de violences volontaires ou involontaires, Expertises m\u00e9dicale en \u00e9valuation du pr\u00e9judice corporel, N\u00e9gociation avec les assurances, Mise en \u0153uvre de proc\u00e9dure d&rsquo;indemnisation amiable issue de la loi KOUCHNER, saisine de la CRCI, Proc\u00e9dure judicaire en indemnisation<\/i><\/p>\n<p align=\"JUSTIFY\"><span style=\"text-decoration: underline; color: #4a93ac;\"><b>4. Droit du travail<\/b><\/span><\/p>\n<p align=\"JUSTIFY\"><i>Conseil et n\u00e9gociation; Contestation de Licenciement pour motif personnel, pour Faute ou pour Motif \u00e9conomique; Prise d&rsquo;acte de la rupture du contrat, N\u00e9gociation d&rsquo;une rupture conventionnelle du contrat de travail; Proc\u00e9dure devant le Conseil de Prud&rsquo;hommes ou Transaction, Rappels de salaire, Heures suppl\u00e9mentaires non pay\u00e9es, Harc\u00e8lement moral au travail, Inaptitude, Accident du travail ou accident de trajet, Faute inexcusable de l&#8217;employeur, droit p\u00e9nal du travail etc,<\/i><\/p>\n<p align=\"JUSTIFY\"><span style=\"text-decoration: underline; color: #4a93ac;\"><b>5. Responsabilit\u00e9 civile<\/b><\/span><\/p>\n<p align=\"JUSTIFY\"><i>Responsabilit\u00e9 contractuelle (transporteur, commer\u00e7ant, entreprise, etc), responsabilit\u00e9 d\u00e9lictuelle, Accident, Accident de la circulation automobile,<\/i><\/p>\n<p align=\"JUSTIFY\"><span style=\"text-decoration: underline; color: #4a93ac;\"><b>6. Responsabilit\u00e9 m\u00e9dicale<\/b><\/span><\/p>\n<p align=\"JUSTIFY\"><i>Infection nosocomiale, Faute du m\u00e9decin ou Responsabilit\u00e9 Hospitali\u00e8re, erreur de diagnostic, Proc\u00e9dure devant le Tribunal administratif contre l&rsquo;APHP, proc\u00e9dure judicaire en indemnisation contre les cliniques ou H\u00f4pitaux priv\u00e9s<\/i><\/p>\n<p align=\"JUSTIFY\"><span style=\"text-decoration: underline; color: #4a93ac;\"><b>7. Droit de la copropri\u00e9t\u00e9<\/b><\/span><\/p>\n<p align=\"JUSTIFY\"><i>Parties privatives et parties communes, calcul et contestation des charges, travaux et expertises, contestations d&rsquo;Assembl\u00e9es g\u00e9n\u00e9rales, mise en cause de la responsabilit\u00e9 du syndic, changement de syndic, nomination d&rsquo;un administrateur, action collective des copropri\u00e9taires,<\/i><\/p>\n<p align=\"JUSTIFY\"><span style=\"text-decoration: underline; color: #4a93ac;\"><b>8. Droit immobilier<\/b><\/span><\/p>\n<p align=\"JUSTIFY\"><i>Impay\u00e9s de loyer, proc\u00e9dure d&rsquo;expulsion locative, troubles de jouissance paisible du logement, nuisances, d\u00e9g\u00e2ts, r\u00e9f\u00e9r\u00e9 expertise et suivi des expertises, Troubles du voisinage, Action en indemnisation, Contestations de charge de copropri\u00e9t\u00e9, Saisies immobili\u00e8res, Sorties d&rsquo;indivision immobili\u00e8res, vente sur licitation,<\/i><\/p>\n<p align=\"JUSTIFY\"><span style=\"text-decoration: underline; color: #4a93ac;\"><b>9. Droit de la consommation<\/b><\/span><\/p>\n<p align=\"JUSTIFY\"><i>Action en responsabilit\u00e9 contractuelle, cr\u00e9dits \u00e0 la consommation, action en annulation ou en r\u00e9siliation de contrat (exemple contrat de vente, vente \u00e0 domicile etc)<\/i><\/p>\n<p align=\"JUSTIFY\"><span style=\"text-decoration: underline; color: #4a93ac;\"><b>10. Code de la route<\/b><\/span><\/p>\n<p align=\"JUSTIFY\"><i>Contestation de contraventions ou d\u00e9lits, contestation de perte de points, confiscation du permis de conduire, D\u00e9fense devant le Tribunal de Police,<\/i><\/p>\n<p align=\"JUSTIFY\"><span style=\"text-decoration: underline; color: #4a93ac;\"><b>11. Droit des s\u00e9niors<\/b><\/span><\/p>\n<p align=\"JUSTIFY\"><i>Tutelle, curatelle, Droit de visite des petits-enfants, D\u00e9fense des droits du s\u00e9nior en \u00e9tat de faiblesse ou de conflit familial, Abus de faiblesse, Droit de la consommation, Mandat de protection future en cas de perte du discernement et,<\/i><\/p>\n<p align=\"JUSTIFY\"><span style=\"text-decoration: underline; color: #4a93ac;\"><b>12. Droit des successions<\/b><\/span><\/p>\n<p align=\"JUSTIFY\"><i>Envoi en possession, contentieux successoraux, sorties d&rsquo;indivision successorale, relations avec le notaire,<\/i><\/p>\n<p align=\"JUSTIFY\"><span style=\"text-decoration: underline; color: #4a93ac;\"><b>13. Droit p\u00e9nal<\/b><\/span><\/p>\n<p align=\"JUSTIFY\"><i>D\u00e9fense de l&rsquo;auteur de contraventions et d\u00e9lits, d\u00e9fense devant le Tribunal de Police ou le Tribunal correctionnel, <\/i><\/p>\n<p align=\"JUSTIFY\"><i>D\u00e9fense des victimes d&rsquo;infraction, plainte avec constitution de partie-civile, suivi de la proc\u00e9dure, d\u00e9fense \u00e0 l&rsquo;audience<\/i><\/p>\n<p align=\"JUSTIFY\"><i>Coups et blessures, violences entre concubins ou entre \u00e9poux, agressions sexuelles, vols, d\u00e9lits \u00e9conomiques, escroquerie, d\u00e9tournement de fonds, etc.<\/i><\/p>\n<p align=\"JUSTIFY\"><i>Droit p\u00e9nal des mineurs d\u00e9linquants: juge des enfants ou Tribunal pour enfants,<\/i><\/p>\n<p align=\"JUSTIFY\"><i>Instruction <\/i><\/p>\n<p align=\"JUSTIFY\"><i>Proc\u00e9dure criminelle et Cour d&rsquo;assises<\/i><\/p>\n","protected":false},"excerpt":{"rendered":"<p>\u00a0Entreprises 1. Constitutions de soci\u00e9t\u00e9s et Droit des soci\u00e9t\u00e9s : R\u00e9daction des Statuts et Assembl\u00e9es, Formalit\u00e9s de constitution, Inscription au RCS, suivi des formalit\u00e9s juridiques annuelles, Cessions de parts sociales, Acquisitions, Dissolutions, Nomination d&rsquo;un administrateur, Conseil et n\u00e9gociations en cas de difficult\u00e9s financi\u00e8res, Proc\u00e9dures collectives (redressement ou liquidation), etc. 2. Baux commerciaux : R\u00e9daction d&rsquo;une&#8230;<\/p>\n","protected":false},"author":2,"featured_media":0,"parent":0,"menu_order":3,"comment_status":"closed","ping_status":"closed","template":"","meta":[],"_links":{"self":[{"href":"http:\/\/www.actis-avocats.fr\/index.php?rest_route=\/wp\/v2\/pages\/870"}],"collection":[{"href":"http:\/\/www.actis-avocats.fr\/index.php?rest_route=\/wp\/v2\/pages"}],"about":[{"href":"http:\/\/www.actis-avocats.fr\/index.php?rest_route=\/wp\/v2\/types\/page"}],"author":[{"embeddable":true,"href":"http:\/\/www.actis-avocats.fr\/index.php?rest_route=\/wp\/v2\/users\/2"}],"replies":[{"embeddable":true,"href":"http:\/\/www.actis-avocats.fr\/index.php?rest_route=%2Fwp%2Fv2%2Fcomments&post=870"}],"version-history":[{"count":16,"href":"http:\/\/www.actis-avocats.fr\/index.php?rest_route=\/wp\/v2\/pages\/870\/revisions"}],"predecessor-version":[{"id":6206,"href":"http:\/\/www.actis-avocats.fr\/index.php?rest_route=\/wp\/v2\/pages\/870\/revisions\/6206"}],"wp:attachment":[{"href":"http:\/\/www.actis-avocats.fr\/index.php?rest_route=%2Fwp%2Fv2%2Fmedia&parent=870"}],"curies":[{"name":"wp","href":"https:\/\/api.w.org\/{rel}","templated":true}]}}